?
9
Let k(s) = 62*s + 51. Let z(m) = 115*m + 101. Let i(j) = -11*k(j) + 6*z(j). What is i(-6)?
-3
Let k be 0/(-1 + 2 + 0). Let z(h) be the third derivative of h**6/120 + h**4/24 + 4*h**3/3 - 60*h**2. Determine z(k).
8
Let p(b) = -12. Let m(f) = -f + 13. Let o(r) = 5*m(r) + 6*p(r). Give o(-6).
23
Let v(o) = 2*o - 32. Let j(l) = -2*l + 30. Let y(s) = 5*j(s) + 4*v(s). What is y(7)?
8
Let h(p) be the first derivative of 0*p + 1/3*p**3 - 22 + 13/2*p**2. Give h(-12).
-12
Let m(p) = -2 - 4*p - 2*p - 4*p - 3*p + 0. Calculate m(2).
-28
Let y(b) = -b**3 + b**2 - 4*b. Let t(q) = 10*q**3 - 11*q**2 + 34*q + 2. Let m(l) = t(l) + 9*y(l). What is m(-2)?
-10
Let x(h) = 32*h + 23. Let a be x(3). Let b(g) = a + 123 - g - 3*g - 245. What is b(4)?
-19
Let d be (-5)/(-2) - 4/(-8). Suppose d*q + 2*q - 15 = 0. Let j be (q/(-4))/(2/8). Let f(m) = 2*m - 1. Calculate f(j).
-7
Let a(y) = 2*y**3 + 10*y**2 + 21*y - 19. Let d(u) = -5*u**3 - 20*u**2 - 45*u + 37. Let k(o) = 7*a(o) + 3*d(o). Calculate k(11).
-11
Let g(w) = 9*w - 2. Let p be g(-2). Let q be p/(-6) - 3/9. Let h(a) = -a - 2*a**3 - a**3 + a**2 + 2*a**q. Calculate h(2).
-6
Suppose -4*u - m = -0*u - 8, 5*u + 5*m - 25 = 0. Let x(r) = r**2 + 2*r - 1. Give x(u).
2
Let k(m) = -3 + m**2 + 0*m + 2*m + 4 - 5. Let b be k(-4). Let l(n) = -n**3 - 5*n**2 - 2*n - b + 4*n + 2*n. Give l(-6).
8
Let m(w) = -w**3 - w. Let o be m(0). Suppose b + i + 4 - 8 = o, 2*i = -b + 2. Let r(y) = -y**2 + 6*y - 7. What is r(b)?
-7
Let l(x) = -1 - 3 + x - 8*x**3 + 6*x**3 + 3. Give l(2).
-15
Let p(n) = 2*n**2 + 3*n - 36. Let j(i) = -i**2 - 2*i + 19. Let o(q) = 11*j(q) + 6*p(q). Let b(g) = 6*g - 1. Let k be b(1). Calculate o(k).
-2
Suppose 0 = -3*x - 1 + 4. Let u be -3 - 2/(-2) - x. Let g(w) be the second derivative of w**3/3 - w**2/2 - 22*w. Calculate g(u).
-7
Suppose 0*p = 4*p. Let s(b) = -9*b**2 + 3*b - 4. Let v(k) = 23*k**2 - 7*k + 9. Let n(x) = -5*s(x) - 2*v(x). What is n(p)?
2
Let v = 5 + -4. Let n(x) = -8*x**3 + 4*x**2 + x + 2. Let r(t) = -11*t**3 + 5*t**2 + t + 3. Let g(j) = -4*n(j) + 3*r(j). Determine g(v).
-2
Let s be 10/(-25) + (-34)/(-10). Let x(c) = -2*c + 7. Let u(i) = 2*i - 6. Let f(n) = -6*u(n) - 5*x(n). Determine f(s).
-5
Let j(m) = m + 1. Let s(u) = 7*u - 4. Let y(z) = 6*j(z) - s(z). Let n(h) = -3*h + 37. Let c be n(11). Suppose -2*p + 6*v = v - 15, 3*v = c*p - 23. What is y(p)?
5
Let m(v) = -v**3 + 13*v**2 + 22*v - 15. Let r(t) = t**3 - 13*t**2 - 24*t + 17. Let n(w) = 4*m(w) + 3*r(w). Calculate n(14).
19
Let d(w) = -4*w**3 - 7*w**2 - 3*w - 4. Let b(i) = 7*i**3 + 13*i**2 + 6*i + 7. Let h = -1 + 6. Let k(m) = h*d(m) + 3*b(m). Give k(-4).
-11
Let d(z) = 52*z**3 - 12*z**3 - 4*z**2 - 39*z**3. Give d(3).
-9
Let f(l) = -l + 1. Let q(o) = -2*o - 8. Let p be q(-11). Suppose -5*n + p*n = 36. Calculate f(n).
-3
Let x(i) be the second derivative of i**5/12 + i**4/24 - i**3/3 + 15*i**2 + 2*i. Let n(s) be the first derivative of x(s). Determine n(-2).
16
Let h(c) = c**3 + 3*c**2 + c + 1. Let x = 654 + -656. Calculate h(x).
3
Let u(w) = -7*w - 12. Let v be u(-2). Let q(t) = -4 - t**3 - 77*t**2 - 1 + 71*t**v. Calculate q(-6).
-5
Let y(o) = 7*o**2 - 4*o. Let q(d) = -3*d**2 + 2*d. Let l(r) = 5*q(r) + 2*y(r). Calculate l(2).
0
Let p(g) = -g**2 - 7*g - 7. Let d = -11 - -2. Let f = 9 + d. Suppose f = 3*y - 12, 4*z - 5*y - 8 + 52 = 0. Give p(z).
-1
Let i = -91 + 118. Let l be (5/(-3))/(9/i). Let r(k) = -k**3 - 5*k**2 - k - 6. Give r(l).
-1
Let j be (0 - 20/(-15))*3/(-2). Let t(o) = -o**3 + o**2 - o. Let i(q) = -4*q**3 - q**2 - 4*q - 3. Let z(y) = -i(y) + 2*t(y). Calculate z(j).
-5
Let a(o) = -3 - 3 + 4*o + 2. Suppose 0 = -3*c + 35*u - 32*u, 3*c - 4 = 2*u. Determine a(c).
12
Let n(b) be the second derivative of b**5/20 - 5*b**4/12 + b**3/3 + 2*b**2 + 7*b. Let q(a) = -a**2 + 13*a + 118. Let i be q(19). What is n(i)?
-4
Let j be (-28)/(-9) + (-5)/45. Let k(d) be the second derivative of 0 - 1/3*d**j - 4*d + 5*d**2. Give k(7).
-4
Suppose -37 = 2*j - 5*k, -k - 73 = 2*j - 66. Let x(p) = -p**3 - 4*p**2 + 12*p - 1. What is x(j)?
-1
Let a(n) = -3*n + 50*n**2 + 54*n**2 - 102*n**2 + 3. Suppose -4*u + 8 = -q + 3*q, u = 0. Determine a(q).
23
Let b(g) = 13*g + 22 + 6580*g**3 - 22*g**2 + 6*g**2 - 6579*g**3. What is b(15)?
-8
Let y(k) = 2*k**2 + k. Let a(n) = n**2 + 7*n + 7. Let g(m) = -5*m**2 - 34*m - 34. Let f(z) = 11*a(z) + 2*g(z). Let c be f(-8). Determine y(c).
3
Let y(o) = 109 - 349 + 4*o + 114 + 118. What is y(7)?
20
Let k(x) = -5*x**2 - x - 24. Let u(b) = -3*b**2 - b - 12. Let l(m) = 4*k(m) - 7*u(m). Give l(-6).
6
Suppose 1940 - 400 = 10*v. Let o(f) = 152 + v + f - 311. Determine o(10).
5
Let j(m) = -m + 5. Let z(f) = -16*f + 42. Let g(d) = -8*j(d) + z(d). Calculate g(4).
-30
Let s(l) be the first derivative of l**2/2 + 11*l - 32. Suppose 5*t + 15 = -4*n, t + 3*t - 19 = 3*n. What is s(n)?
6
Suppose 0*v + 8 = v + z, 22 = -v + 5*z. Suppose h - 17 = -3*w, -v*h - 15 + 1 = -4*w. Let j(o) = -o**2 + 7*o - 7. Determine j(w).
3
Let d(t) = t**3 - t**2 - 2*t + 1. Let v be ((-40)/48)/(3/(-90)). Let g(o) = -o**2 + 27*o - 49. Let s be g(v). Give d(s).
-1
Let x = 442 - 449. Let d(i) = i**2 + 9*i + 9. Determine d(x).
-5
Let y(l) = -7*l + 12. Let z(g) = g. Let w(p) = -y(p) - 6*z(p). Determine w(10).
-2
Let m(d) = -4*d**3 - 14*d**2 - 2*d + 7. Let q(o) = 7*o**3 + 26*o**2 + 4*o - 13. Let t(n) = -11*m(n) - 6*q(n). Give t(2).
5
Let m(c) = -8*c - 22. Let s(x) = -16*x - 57. Let q(j) = -5*m(j) + 2*s(j). Determine q(5).
36
Let u(q) be the first derivative of q**4/4 - 4*q**3 + 13*q**2/2 - 15*q - 178. Give u(11).
7
Let q(w) = -2*w**3. Let j(l) = 11*l**3 - 10*l**2 + 9*l + 2. Let s(f) = -j(f) - 5*q(f). Suppose 3*c - 51 = -24. Determine s(c).
-2
Let h(v) = 4 + 4*v + 10 + 4 + 4*v**2 - 16. Give h(-2).
10
Let m(z) = -2*z**3 - 56*z**2 - 103*z + 13. Let y be m(-26). Let j(q) = q**2 + 12*q - 18. Calculate j(y).
-5
Let d(o) = o**3 + 4*o**2 + 3. Let n(f) = 3*f**3 + 11*f**2 + 7. Let y(i) = -7*d(i) + 2*n(i). Suppose 0 = 6*w - 8*w - 12. Give y(w).
-7
Suppose 12 + 3 = 3*o. Suppose -o = 5*v + 4*t, -6*v - 5 = -v - 2*t. Let h(m) = 7 + 11*m**2 + 3 - 11 + 2*m**2 - m. Calculate h(v).
13
Let d be -4 + 55/10 - 15/12. Let j(v) be the second derivative of 1/20*v**5 - 5/2*v**2 + d*v**4 - 3*v + 0 - 5/6*v**3. Determine j(-4).
-1
Let z be -3*14/4*-2. Let v = 29 - z. Let c(p) = -p**2 + 7*p. Give c(v).
-8
Let a(h) = 55*h - 3. Let g(c) = -101*c + 6. Let r(b) = -11*a(b) - 6*g(b). Determine r(-7).
-10
Let v(d) = -7*d**2 + 13*d + 2. Let z(f) = -f**2 + f + 1. Let x(p) = -v(p) + 6*z(p). Let u be x(8). Let l = u - 12. Let n(k) = k + 4. Determine n(l).
4
Let k(u) = -3*u**2 - 7*u - 8 - u**3 - 4*u**2 + 0*u**2. Let w be (-6)/(-3) + 27 + 5. Suppose 5*s + w = 2*n, 2*n - 5 = -1. Give k(s).
-2
Let s(i) be the third derivative of 14*i**2 + 1/6*i**3 + 1/60*i**5 - 1/4*i**4 + 0*i + 0. Calculate s(4).
-7
Let r(u) = 2*u + 14. Let k = -58 - -57. Let x be (-50)/(-15)*(k + -2). What is r(x)?
-6
Let f(p) = p**2 - 6*p + 5. Let z(t) = -3*t**3 - 18*t**2 - t - 2. Let g be z(-6). What is f(g)?
-3
Let c(x) = -x**3 - 13*x**2 + 14*x + 7. Let o(m) = 2*m - 2. Let i be o(-6). Determine c(i).
7
Let v(n) = 4 + 0 + 11*n**2 - 2 - 3. Let x(u) = -2*u - 3. Let s be x(-1). Give v(s).
10
Let v(q) = -q + 3*q**2 + 0 + 94*q + 4 - 102*q - q**2. Calculate v(6).
22
Let s be 9/7 + (-8)/28. Let u(v) = -3*v - 7*v**2 - 2 + 2*v**2 - 2*v**3 - s. Suppose -a - 4 + 1 = 0. Determine u(a).
15
Suppose -12 = -10*z + 7*z. Suppose -26 = z*l - 62. Let o(p) = p**3 - 9*p**2 + 2*p - 11. Calculate o(l).
7
Suppose -q - 2 = -5*i + 5, 15 = 5*i. Let k(y) = 23*y - 7 - y**2 - q*y - 5*y + 0*y**2. Determine k(9).
2
Suppose 2*r + 3*r = 25. Let d(o) = -o**2 + 0 - 4*o**2 + o**3 + 4 + r*o. Let n be 5 - 4 - -8 - 5. What is d(n)?
8
Let o(k) = 81 - k + 76 - 151 + 0*k. Give o(4).
2
Let i = -25 + 27. Suppose -10 = i*t - 20. Let a(c) = -2*c + 3. Calculate a(t).
-7
Let p(g) = -g**3 + 11*g**2 - 9*g + 3. Let j be p(10). Suppose 3*r + i = -j, -4*r = 6*i - 5*i + 18. Let x(k) = -k + 6*k + 3*k**3 - 4*k**2 - 4*k**3. Give x(r).
0
Let k(f) = -3*f + 1. Suppose -13 = -t + 13*h - 9*h, 2 = -h. Give k(t).
-14
Let m(s) = s**2 + 7*s + 1. Let g be 12/18 - (-70)/3. Let c(p) = 4*p + p**2 + p + 10 + 11 - g. Let w be c(-5). Give m(w).
-11
Let y(z) = -z**3 + 3*z**2 + 2*z + 6. Let r be (-32)/28*(-21)/6. Give y(r).
-2
Let n(